git of 14*(-11 + 10) + 7103?
7
Let i = -183 + 4934. What is the hundreds digit of i?
7
Suppose -599882 = -27*c + 340447. What is the hundreds digit of c?
8
Let l be 2 + (-74)/(-14) + 10/(-35). Let u(z) = z**3 - 4*z**2 - 7*z - 13. Let h be u(l). Let d = h - -79. What is the units digit of d?
4
Suppose 2*w = -24*w + 223002. Suppose w = 117*z - 108*z. What is the hundreds digit of z?
9
What is the units digit of (104538/(-19))/((-6)/26)?
2
Let j(c) = -2*c**2 + 16*c - 35. Let m be j(25). Let a = -405 - m. What is the tens digit of a?
8
Suppose -5*a - 5331 = -h, 3*a = -19*h + 14*h + 26739. What is the tens digit of h?
4
Let o(u) = -9*u + 339*u**2 - 330*u**2 + 13 + 0*u - u**3. Let t be o(8). Suppose -4*r = -t*r + 165. What is the hundreds digit of r?
1
Let v(l) = -l**2 - l + 1. Let g(i) = -11*i. Let s(j) = 2*g(j) - 2*v(j). Let a = -26 - -37. What is the units digit of s(a)?
0
Let o(p) = -p**3 - 14*p**2 - 20*p + 13. Let t be o(-6). Let s = t + 268. What is the tens digit of s?
1
Let h = 15325 + -5141. What is the thousands digit of h?
0
Let c(y) = 2170*y + 4576. What is the units digit of c(13)?
6
Let v = -50 + 48. What is the units digit of 953*(-2 + v - -5)?
3
Let l(i) = 15*i**2 - 16*i - 49. What is the hundreds digit of l(-17)?
5
What is the hundreds digit of 8232/20*((-4)/22 - 1939/(-77))?
2
Let w(y) = -y - 8. Let q be w(-10). Suppose -5*f + 40 = 3*o, -4 = q*o + 6. Let m(r) = -2*r**2 + 28*r - 7. What is the units digit of m(f)?
9
Let j(x) = -x + 1. Let a be j(-3). Suppose -4*o - 256 = 2*k, -5*k - 504 = -k + a*o. Let v = k - -214. What is the units digit of v?
0
Suppose 0 = -9*n + 4*n + 455. Let f be (-63)/(-13) + 14/n. Suppose 119 = f*s - 3*s - 5*u, 3*s - 121 = -4*u. What is the units digit of s?
7
Let c(p) = p**3 - 9*p**2 + 7*p. Let y(t) = -t. Let i(r) = -5*r + 21. Let h(l) = i(l) - 3*y(l). Let u be h(6). What is the tens digit of c(u)?
6
Let s be (3 + -2)*(-19 - -18). Let m be (2 - 12)/(3/(-6)). What is the tens digit of 150/9 + m/15 + s?
1
Let l(z) = 4*z**2 + 28*z - 22. Let k be l(-9). Suppose 6 = 2*n + n. Suppose -k = -5*i - y, -2*i + 10 = -i - n*y. What is the tens digit of i?
1
Suppose -u = -m + 28097, -5*m - 122*u + 125*u + 140501 = 0. What is the hundreds digit of m?
1
Let o(i) = -6*i**2 + 29*i - 10. Let x be o(8). Let l = -33 - x. Suppose l = t + 5*k, -4*t + k + 494 = -1. What is the tens digit of t?
2
Let v(w) = 5*w - 51. Let j be v(10). What is the hundreds digit of ((-2976)/(-60))/(j/((-10)/4))?
1
Let z(r) = -544*r - 355. What is the units digit of z(-3)?
7
Let c = 0 + 5. Let k(u) be the third derivative of -u**6/120 + 11*u**5/60 - u**4/3 - 5*u**3/2 + 458*u**2 + 2*u. What is the units digit of k(c)?
5
Suppose 0*d = 2*d + j - 65, 90 = 2*d - 4*j. Suppose 6*a = -a + d. Suppose -30 = a*o - 6*o. What is the tens digit of o?
3
Let w(f) = 6*f**2 - 11*f. Let j be w(2). Suppose 2*k = -2*p - 130 + 1494, 0 = j*k - 4*p - 1376. What is the units digit of k?
4
Let a(h) = 79*h**2 - 9*h. Let m(b) = 2*b + 1. Let r(v) = a(v) + 6*m(v). What is the units digit of r(-2)?
6
Suppose 832*c + 69487 = 843*c. What is the units digit of c?
7
Let h(g) = 111*g - 30. Let j be h(3). Let m = 696 - j. What is the units digit of m?
3
Let m(x) = -x**2 - 9*x + 5. Let w be 3 + (-12)/3 + (-16)/2. Let r be m(w). Suppose r*v - 221 + 66 = 0. What is the tens digit of v?
3
Suppose -34 = -m - 3*m - 2*d, 2*m - 4*d = 12. What is the hundreds digit of 5677/m + (-45)/(-120)?
7
What is the units digit of (-2)/4 + ((-21399378)/84)/(-11)?
9
Let l be 3/(-1) + 2 + (-4 - -206). Let i = -115 + l. What is the units digit of i?
6
Let i be (6320/(-64))/(1/4). Let r = i + 589. Suppose -x = -5*s - 6*x + 200, -5*s = 3*x - r. What is the tens digit of s?
3
Let n(w) = 118*w - 45 + 114*w - 232*w + 10*w**2. What is the tens digit of n(-7)?
4
Suppose -12*a + 399 + 109 = -104. Suppose 5*k + 5*x = -0*k + 15, -x = 0. Suppose 2*c = -j + a, -k*c = 5*j - 2*c - 300. What is the tens digit of j?
6
Let k(v) = 36*v**2 - 164*v - 15. What is the tens digit of k(-13)?
0
Suppose g + 2*d = -2*d + 9, 0 = -5*g + d - 18. Let u be g + 1 + -1 + 8. Suppose 0*z + 5*z = 15, f = u*z + 41. What is the units digit of f?
6
Let w(j) = j**2 + j. Let m be w(-1). Suppose 3*x = -15 - 0, -2*r - 5*x - 25 = m. What is the hundreds digit of 5187/21 - r/1?
2
Let m = 122 + -119. Let a be (-1122)/(-33) + m*1. Let k = 42 + a. What is the tens digit of k?
7
Suppose -4*t - 3*z + 443 = 0, 0 = -t - 8*z + 4*z + 127. Suppose 4*o - t = n + 310, o + 3*n - 114 = 0. What is the tens digit of o?
0
Let z(x) = 2*x**3 + x**2 + 4. Let j be z(0). What is the units digit of ((-5025)/(-20))/(-6*j/(-96))?
5
Let n be (6/10)/((-168)/(-560)). Suppose 0 = -c - 3*f + 1160, n*c - 2044 = 3*f + 285. What is the units digit of c?
3
Suppose -3*n - 23 = x - 53, 0 = -2*x + 4*n + 110. What is the hundreds digit of 972/2 + x/9?
4
Let i be 5952/132 - (-2)/(-22). Suppose 50*d = i*d + 780. What is the tens digit of d?
5
Suppose 3*u + 190706 = 7*z - 21727, z - 3*u = 30363. What is the hundreds digit of z?
3
Suppose 0 = 35*h + 31307 - 728962. What is the units digit of h?
3
Let l(g) = -g**3 + 15*g**2 - 9*g + 7. Suppose -i - 4*i = -3*a + 49, 4*i = -a - 12. What is the hundreds digit of l(a)?
3
Let x(n) = 332*n**2 - 36*n + 39. What is the thousands digit of x(3)?
2
Suppose 2*v = -3*a + 36385, -10*v = -9*v + 5*a - 18189. What is the units digit of v?
4
Suppose -3059 = -4*k + 153. Let j = -478 + k. What is the hundreds digit of j?
3
Suppose 5*v - 4520 = -7*k + 2*k, -5 = -5*v. Let a = -5 - -8. Suppose a*l = -4*l + k. What is the tens digit of l?
2
Let u(y) = 9*y**2 + 29*y + 338. What is the units digit of u(-25)?
8
Suppose -k = 3*v - 7213 + 713, k - 6498 = -4*v. What is the tens digit of k?
0
Let f = -54446 - -101857. What is the thousands digit of f?
7
Let d = -277 - -340. What is the units digit of (-2)/(-4)*(-7)/(d/(-17730))?
5
Let i = 38 + -39. Let n be 2/(-2) + i - 4. What is the hundreds digit of n/(-39) + (-13272)/(-91)?
1
What is the tens digit of 3382*(4464/(-32))/(-31)?
1
Suppose 0 = 3*p - 4*z + 1591 - 72354, -p - 4*z = -23577. What is the tens digit of p?
8
Let t be -1168 - (5 - (-5 - -3)). Let i = t + 1772. What is the tens digit of i?
9
Suppose -1269 + 81 = -12*l. Let z = 104 - l. Suppose -4*i - z*o + 1029 = -4*o, -i + 3*o + 267 = 0. What is the units digit of i?
8
Suppose -933 = 4*a - 5*d - 63, 2*d - 1079 = 5*a. Let h = a - -426. What is the tens digit of h?
1
Let v = 842 + 113. Suppose -3*l - c + 983 = 0, -3*l - 3*c + 20 + v = 0. What is the units digit of l?
9
Let u(p) = -2*p**2 + 8*p - 18. Let d be u(2). What is the hundreds digit of ((-32)/d)/(9/360)?
1
Let n(u) = 6*u**2 - 2*u + 1. Let l be n(1). Let o(k) = -20*k + 30*k + 4 - k**3 + 0 + 4*k**2. What is the units digit of o(l)?
9
What is the hundreds digit of 4/24 - (-17)/6 - -11155?
1
Let l(c) = -c**3 + 18*c**2 + 30. Let n be l(18). Suppose 26*u - n*u = -240. Let x = 63 - u. What is the units digit of x?
3
Suppose 5*w + r - 87328 = 0, w + r = 9730 + 7742. What is the ten thousands digit of w?
1
Suppose -4*l + 91420 = 4*v, 4*l - 59234 - 32201 = -v. What is the hundreds digit of l?
8
Suppose -4*i = x + 15, -4*x = 3*i - 1 - 4. Suppose -x*t - q + 1420 = -2*q, -2*t + 568 = -5*q. What is the units digit of t?
4
Let h(k) = k**3 + 19*k**2 + 14*k + 15. Let z = -33 + 16. Let l be h(z). Suppose 5*o - l = -2*a, o = -3*a + 11 + 47. What is the units digit of o?
3
Suppose 11*b - 13 = 7*b + d, 0 = -5*b - d + 5. Suppose -2*k + 271 = v, -b*v - 2*v + 1134 = -2*k. What is the tens digit of v?
8
Let a = 7429 + -5226. Suppose -5 - a = -4*j. What is the units digit of j?
2
Let d(q) = -7*q - 23. Let k be d(-14). Suppose k*p - 1410 = 70*p. What is the units digit of p?
2
Let f(m) = m**3 + 38*m**2 + 57*m - 59. What is the tens digit of f(-23)?
6
Let c(j) = j + 0*j - 1 - 2*j - 34*j**2 + 83*j**2. Let l be (-4 - 25/(-10))*(-4)/(-6). What is the units digit of c(l)?
9
Suppose -12*g + 10*g + 37614 = 2*f, -f + 5 = 0. What is the units digit of g?
2
Let s = 244 + -229. Suppose 13*j = -s*j + 10416. What is the hundreds digit of j?
3
Let j be ((-27)/(-18))/(1/2) - -2. Suppose 5*x - 59 = t - 15, j*t = -5*x + 20. What is the units digit of x/(-4) - -1*(2 + 87)?
7
Let n = -51898 + 83544. What is the thousands digit of n?
1
Let o(s) = 2*s**2 + s